remainder when 58 is divided by g(0).
13
What is the remainder when 69 is divided by (-1683)/(-45) + (-20)/50?
32
Calculate the remainder when 13 - -1541 - (5 + -5) is divided by 518.
0
Suppose -2*a - 110 = 2*s - 10, -3*s + 4*a = 136. Let g = s + 40. Calculate the remainder when (-596)/(-8) - 20/g is divided by 40.
37
Suppose -8*o + 9*o = -2*f + 20, 0 = 5*f + 10. Suppose -190 = -2*k + o. What is the remainder when k is divided by 11?
8
Suppose 0*m = 2*m - 100. Let h = m + -22. Suppose 2*n - 31 = -5*l, -3*n - 2*l + 19 = -11. What is the remainder when h is divided by n?
4
Let n(l) = -l**3 + 12*l**2 + 14*l - 108. Let c be n(8). Let s = 309 - c. Calculate the remainder when 194 is divided by s.
47
Suppose 0*m = -0*m - m. Suppose -8 = -2*h - m*h. Suppose 0 = -h*u + u + 39. Calculate the remainder when u is divided by 6.
1
Let k(x) = 25*x - 1. Let f be k(1). Suppose -r + f = 2*r. Calculate the remainder when (4600/(-300))/((-4)/6) is divided by r.
7
Let m = -85 + 88. Calculate the remainder when m/21*7 + 68 is divided by 7.
6
Suppose 9*l + 31 = 76. What is the remainder when 5 + (6 - (-98 + l)) is divided by 18?
14
Let z(g) = g**2 - 97*g + 1010. What is the remainder when z(9) is divided by 162?
56
Suppose -5*p + 2*n = 148 - 497, -4*n = -p + 59. Let b be 18/27*(-6)/(-1). Calculate the remainder when p is divided by (-14)/(-21)*(-38)/b*-3.
14
Suppose 0 = 3*x + 2*c - 112, 57 - 13 = x + 4*c. Let m = 70 - x. Let a = 95 + m. What is the remainder when a is divided by 33?
30
Let a = -32 - -34. Suppose a*m = k - 2, -2*k - 5*m = 2*k + 5. Suppose 34 = 2*z - k*z. What is the remainder when 116 is divided by z?
14
Let f(k) = 17*k**2 - 164*k - 20. What is the remainder when 362 is divided by f(10)?
2
Let x(v) = v**2 - 37*v + 4. Let d be x(37). Suppose q = 5*t - 8, -q - d*t = -6*q + 2. Let l(k) = 2*k. Calculate the remainder when q is divided by l(1).
0
What is the remainder when 9177 is divided by (-101)/(-10) - 334/3340?
7
Calculate the remainder when 685 is divided by 4 - (-54)/(-14) - 7218/(-42).
169
Let x = 160 - 122. Suppose 36*c + 30 = x*c. Calculate the remainder when c is divided by 6.
3
Suppose -8*w - 347774 + 136535 = -71*w. Calculate the remainder when w is divided by 40.
33
Suppose 8*q - 1470 = 3322. What is the remainder when q is divided by 87?
77
Suppose 4*z + 4064 = 4*y, -2*y - 29*z + 32*z + 2028 = 0. What is the remainder when y is divided by 33?
30
Let n(u) = 873*u**3 - 3*u**2 - 17*u + 23. What is the remainder when n(1) is divided by 17?
9
Suppose 212 = 3*q - 2*z - 455, -z + 670 = 3*q. What is the remainder when q is divided by -12*(-42)/96*(-8)/(-3)?
13
Suppose 96 = -2*d + 16. What is the remainder when (112/d)/(5/(-250)) is divided by 12?
8
Let v(q) = -156*q + 671. Suppose a - 5*a + 408 = 0. Calculate the remainder when a is divided by v(4).
8
Let q(d) = -37*d - 316. Suppose 0 = 2*n + 2*s + 22, 55 = 7*n - 12*n - 4*s. What is the remainder when 362 is divided by q(n)?
89
Let v(k) = -k**2 + 13*k - 35. Let c be v(8). What is the remainder when 84 is divided by c - (220/(-4) + -8)?
16
Suppose -21*x + 125 = 4*x. Suppose 0 = -x*i + g + 132, i + 4*g - 52 = -13. Calculate the remainder when 160 is divided by i.
25
Let o = 298 + -296. Suppose -o*g - g = -33. What is the remainder when 19 is divided by g?
8
Suppose 12*z - 208 = 4*z. Suppose -32 = 286*q - 294*q. Calculate the remainder when z is divided by q.
2
Suppose -5*m + 2*t = -225, -3*t = -22*m + 26*m - 157. Calculate the remainder when 978 is divided by m.
32
Suppose -2340 = 9608*l - 9617*l. What is the remainder when 1797 is divided by l?
237
Let j = -150 + 356. Calculate the remainder when j is divided by (42 - 0)*730/876.
31
Let b = -95 - -135. Suppose -137*s + 141*s - b = 0. Calculate the remainder when 37 is divided by s.
7
Let f = 0 + 1. Let r(y) be the first derivative of -y**2 + 6*y - 146. What is the remainder when r(2) is divided by f?
0
Let n = -349 - -475. Suppose -n = 168*a - 170*a. What is the remainder when 377 is divided by a?
62
Suppose -15*s + 22*s + 134 = 8*s. What is the remainder when 224 is divided by s?
90
Suppose -150 + 185 = 5*z. Suppose -3*t = -z*t + 256. Calculate the remainder when 511 is divided by t.
63
Let w(u) = -8*u - 54. Let z be w(-15). Suppose -3*c + 97 = 2*d, 3*d - z*c - 141 = -69*c. Calculate the remainder when d is divided by 40.
4
Suppose -9*p + 7*p = -14. Suppose p*v - 206 = 53. What is the remainder when v is divided by 19?
18
Suppose -d + 5*a + 265 = 0, -1215 = -5*d - 2*a + 5*a. Let b = 391 - d. Let l(w) = 23*w - 1. What is the remainder when b is divided by l(1)?
19
Calculate the remainder when (-1)/((-21)/8403) + 151/(-1057) is divided by 112.
64
Let f = -45 - -50. Suppose 2*x = -x + 2*w - 56, -10 = f*w. Let r = -2 - x. Calculate the remainder when 65 is divided by r.
11
Suppose 5*s + 2*f + 124 = 0, 0 = -5*s - 2*f - f - 126. Let g be (1410/8)/5 - (-6)/s. Suppose 3*d - g = 2*d. What is the remainder when 102 is divided by d?
32
Let c(u) = -223*u + 3935. What is the remainder when 214 is divided by c(17)?
70
Let g(m) = -2*m**2 - 15*m + 2. Calculate the remainder when 21 is divided by g(-7).
3
Let w(g) = -22*g**3 - 6*g**2 + 9 + 24*g**3 - 2*g - 2*g. Let c = 56 - 46. What is the remainder when w(4) is divided by c?
5
Let d = 3 - 1. Suppose -173 = -d*x + 101. What is the remainder when x is divided by (2 - 9) + 260/(6 + 4) + 1?
17
Suppose -2*j + 87 = -5*n, 17 = 4*j - 4*n - 139. Suppose -31*r + j*r - 160 = 0. Calculate the remainder when r is divided by 11.
10
Suppose -1108 + 3457 = 29*a. What is the remainder when 1133 is divided by a?
80
Suppose -m = -2*m, -4*k + 2*m = 0. Let f be k/5 + -4 + -138. Let z = 155 + f. Calculate the remainder when z is divided by 3.
1
Suppose 65*o + 3*o = -122*o + 29070. Calculate the remainder when o is divided by 35.
13
Suppose -4*u = -7 - 17. Suppose -18*p - 7 = 29. What is the remainder when ((-4)/u)/(3*p/657) is divided by 15?
13
Suppose 277 = 5*d + 4*l + 2429, -2125 = 5*d - 5*l. Let t = d + 471. What is the remainder when 256 is divided by t?
41
Suppose -2*o + 4*f + 1446 = 0, -4*f - 7*f + 3741 = 5*o. Calculate the remainder when o is divided by 4.
3
Suppose -3*f + 6 + 15 = 0. Let p = -48 + 34. Calculate the remainder when 41 is divided by 103/f + (-4)/p.
11
Let t = 146 + -94. Suppose -4*y + 69 = a, a = -6*y + 3*y + t. Let i(p) = -28*p - 2186. Calculate the remainder when i(-81) is divided by y.
14
Let h = -813 - -818. Suppose -h*q - 15 + 205 = 5*a, 5*a + 146 = 3*q. Calculate the remainder when 112 is divided by q.
28
Suppose -50*m + 23*m = -3699. Suppose 3*s - 14 = -2*c - 0*s, -30 = -2*c + 5*s. Calculate the remainder when m is divided by c.
7
Let b(s) = -24*s + 2696. What is the remainder when 1198 is divided by b(109)?
78
Let t = 21 + 4. Let k be (-2)/3*(-28 + 37). What is the remainder when t is divided by (-81)/k + (-4)/(-8)?
11
Let y be (1 + -5 + 4)/1. Suppose y = -3*c - 6, 6*c = -a + c - 8. Calculate the remainder when a*(1 - (-225)/10) is divided by 17.
13
Suppose 0 = -2*q - 4*f + 14, q = 4*q - f. What is the remainder when 75 is divided by (7/(-2))/q*-8 + -2?
23
Let c be (-7)/21 - 52/(-3). Suppose -c*v - 12 = -18*v. Let w(q) = -q**2 - 5*q - 1. Calculate the remainder when v is divided by w(-3).
2
Let t(f) = 472*f + 135. Calculate the remainder when t(4) is divided by 92.
91
Suppose -89*u + 936 = -86*u + 5*l, -3*u = -2*l - 999. Calculate the remainder when u is divided by 287.
40
Let f(y) = -2*y**3 - y**2 + 6*y - 9. Let m be f(2). Let p(q) = -q. Let i be p(m). Suppose i - 1 = 4*x. What is the remainder when 27 is divided by x?
3
Let s(d) = -d**2 + 10*d + 299. Let t be s(-13). Let w = 10 + -6. Suppose 3*r - 4*r - w = 0, t = -4*o + r + 92. What is the remainder when 62 is divided by o?
18
Suppose 0*y + 3*y = -c + 774, 2*y - 538 = 3*c. Calculate the remainder when 540 is divided by y.
20
Let g = -8579 - -23086. What is the remainder when g is divided by 36?
35
Let h(l) = 2*l - 8. Let n be h(-2). Let s = -1 + 62. Calculate the remainder when s is divided by (-8)/(0 - -3*2/n).
13
Suppose -4*z + 18 = -2*z. Let p = z - 19. What is the remainder when 56 is divided by (-2)/(-5) - -73*(-2)/p?
11
Let i be 13/117 + (-44)/(-9). Suppose 3*t - 288 = -c + 61, 0 = -i*t. What is the remainder when c is divided by 44?
41
Let d